)/18). Suppose q = 3*m - d. What is the units digit of m?
6
Let k(v) = -18*v - 6. Let r be k(10). What is the units digit of (-4)/(-10) + r/(-10)?
9
Let n(c) = -c - 5. Suppose 5*s + 8 + 42 = 0. What is the units digit of n(s)?
5
Let s be ((-172)/(-6))/(10/15). Let l = -7 - -11. Suppose 4 = -2*k + 2, 3*b = l*k + s. What is the tens digit of b?
1
What is the units digit of (-872)/(-12) + 2/(-3)?
2
Let d be (-3)/((-1)/(-3 - -2)). Let a(k) = -k**2 - 4*k. What is the units digit of a(d)?
3
Let q(v) = v**2 - 10*v + 13. What is the units digit of q(15)?
8
Let p(k) = 5 + 16*k - 14 - k**2 + k + 0. What is the units digit of p(13)?
3
Let y(a) = -a**3 + 11*a**2 - 13*a + 13. What is the tens digit of y(8)?
0
Suppose -v + 0*v - 2 = 2*q, 4*v + 3*q - 2 = 0. Suppose 22 = -4*j - v. Let z = j + 13. What is the units digit of z?
7
Let a = 46 - 13. What is the units digit of a?
3
Let h(l) be the second derivative of -l**5/20 + l**4/6 + l**3/3 - 3*l**2/2 + 2*l. Let v be h(3). What is the units digit of (-10)/(-6) + (-2)/v?
2
Let k(y) = 4*y**2 + y + 3. What is the units digit of k(-3)?
6
Suppose -5*q + 50 + 0 = 0. Let z = 24 - q. What is the tens digit of z?
1
Suppose -y + 26 = s - 2*s, -2*y + 48 = -3*s. What is the tens digit of y?
3
Suppose 2*o = -4 - 6, 0 = 2*i - 5*o - 71. What is the tens digit of i?
2
Let v be 6*14/(-6)*1. Let g = -6 - v. What is the units digit of g?
8
Let n = 156 - 104. Let v = n - 36. What is the tens digit of v?
1
Let j be (-1)/(-2) - (-9)/(-2). Let p(t) = -t**3 - 2*t**2 + t + 3. Let o be p(j). Suppose 5*d - 20 = 3*a, -3*a + a + o = 3*d. What is the units digit of d?
7
Let f be 120/21 - (-4)/14. Suppose 2*b + 3*s = -6, f = 2*b + b - 3*s. What is the units digit of 9 - (b - 2) - 0?
1
Let r(t) = t**3 - 5*t**2 + 8*t - 4. What is the tens digit of r(5)?
3
Suppose 6*u = 8*u - 8. Suppose 38 + 10 = u*z. What is the tens digit of z?
1
What is the tens digit of (-6)/33 + 3414/22?
5
Let r(d) = d**3 - 6*d**2 + 7*d - 5. Let b be r(5). Let i = b - 9. What is the units digit of i/(-16) - 6/(-8)?
1
Let d = 6 + 5. Suppose 0 = -4*y + 4*p + 32, 4*y + 2*p + d - 37 = 0. What is the units digit of y?
7
Suppose -3 = f - 10. What is the units digit of f?
7
What is the units digit of 3*(518/(-35))/(12/(-10))?
7
Let g(d) = -d + 6. Let x be g(8). What is the units digit of ((-12)/(-16))/(x/(-8))?
3
Let m be 227/9 - 2/9. Suppose 3*p + 2*p = -m. What is the units digit of (-22)/(-5) - (-2)/p?
4
What is the units digit of 1856/12 - (-1)/3?
5
Suppose -n + 6*n - 145 = 0. Suppose 0 = -b - 2*b + 6. Suppose -3*y = -3*t - n + 5, 4*y + b*t = 2. What is the units digit of y?
3
Suppose 0 = -5*t - n + 14, -2*t + 3*n = -3 - 6. What is the units digit of t/(12/344*2)?
3
Suppose 3*w = -2*w + 15. Let o = 6 - w. What is the units digit of o?
3
What is the tens digit of 9*(3 - (-10)/6)?
4
Let c(w) = w + 10. Let o be c(0). Suppose 0 = 2*z - 3*z + 2. Suppose 0*y = z*y - o. What is the units digit of y?
5
Suppose 0 = 4*t, 2*m + t - 1 = m. Let y be m/1 - 12/1. Let i = -4 - y. What is the units digit of i?
7
Let n = 7 - 3. Suppose 0 = n*p - 2*p. Suppose -4*r = -p*r - 28. What is the units digit of r?
7
Suppose 4*m - s = -0*m + 755, -4*m + 746 = 2*s. What is the hundreds digit of m?
1
Suppose -p + 4*f + 6 = -6*p, -3*p = -5*f - 26. What is the units digit of (-4 + 7)*p/6?
1
Suppose 2*d - 4 = 4, 5*h + 2*d = 68. Let f = -28 + 31. Suppose -j = -x - h, x + 38 = f*j - x. What is the tens digit of j?
1
Let z(p) = 36*p**2 + 19*p - 2. What is the hundreds digit of z(-3)?
2
What is the units digit of ((-2)/4)/(1/(-14))?
7
Let d(x) = -x**2 - 3*x + 12. Let i be d(-5). Suppose o = -2*a + 38, i*a - 12 = 5*o - 226. What is the units digit of o?
2
Suppose 3*h = 4*h - 68. Suppose 3*t = 5*t - h. What is the units digit of t?
4
Suppose 156 = -3*c + 7*c. What is the tens digit of c?
3
Suppose 30 = 2*n - 4. What is the tens digit of n?
1
Let b(s) = -4*s**2 + 5*s - 16. Let o(y) = 5*y**2 - 6*y + 16. Let v(z) = -6*b(z) - 5*o(z). Let n(q) = -q + 1. Let r be n(1). What is the tens digit of v(r)?
1
Suppose -3*f - a = -0*f - 1, -5*f + 2*a = -20. Let x(o) be the first derivative of o**2/2 + 2*o + 1. What is the units digit of x(f)?
4
Let s(g) = 5*g**3 + g**2 + g + 1. Let b be s(-1). Let v(z) = -z**3 - 4*z**2 - 5*z - 3. What is the tens digit of v(b)?
1
Suppose 0 = 3*a - a. Suppose -29 = -5*l + 3*x, a = 2*l + 5*x - 21 - 3. What is the units digit of l?
7
Let h(a) = 3*a - 3. Let z be h(5). Suppose -3*i + z = i. Suppose i*r - 63 = -2*r - 4*d, -2*r - 2*d + 24 = 0. What is the units digit of r?
5
What is the units digit of 6/((0 - -4)/8)?
2
Let c = 24 - 6. What is the tens digit of c?
1
What is the units digit of ((-32)/(-12))/(2/9)?
2
Suppose 0*g + 9 = -g. Let l be g*(-3 - -2)/(-1). What is the units digit of 3/l + (-28)/(-3)?
9
Let s(k) = -2*k + 2. Let y be s(10). Let b = -8 - y. What is the units digit of b?
0
Let j(n) = 11*n**2 + 2*n + 6. What is the units digit of j(-3)?
9
Suppose v + 4 = 1. What is the tens digit of ((-28)/v)/((-16)/(-24))?
1
What is the units digit of 279/(-6)*2/(-3)?
1
Let m(y) = -y**2 + 7*y + 10. Let i be m(8). Suppose 2*v - i - 2 = 0. Suppose 0 = w + v, -5*q - 2*w = -5 - 41. What is the tens digit of q?
1
Let n = -33 + 57. Let d = -8 + n. What is the units digit of d?
6
What is the units digit of -4 + 28*(-22)/(-4)?
0
Suppose -s + 130 = -6*s. Let u = s - -61. Suppose -5*r = -2*n + 35, -2*n = n - 4*r - u. What is the units digit of n?
5
What is the units digit of (-100)/(-15)*(1 + 8)?
0
Let j be (-27)/(-1) - (11 + -7). Let p = j - 19. What is the units digit of p?
4
Let y(o) = -o**3 + 8*o**2 - 3*o + 3. What is the units digit of y(6)?
7
What is the tens digit of (95/15)/((-3)/(-18))?
3
Suppose 0 = -4*l - 1 + 9. Suppose -l = -p - 0. Suppose -4*y + p + 26 = 0. What is the units digit of y?
7
Let z = -74 - -50. What is the units digit of (4/(-8))/(1/z)?
2
Suppose -3*n - 564 = -4*y, -161 = 3*y + n - 597. What is the hundreds digit of y?
1
Let v be 17/3 - (-6)/(-9). Suppose 5*x + 4 + v = -2*f, -6 = f + 3*x. What is the units digit of f?
3
Let l = -23 + 43. What is the units digit of l?
0
Let s(i) = 4*i**2 + 1. Let b be s(1). Let m = b - -3. What is the units digit of m?
8
Suppose -2*i + 170 = -2*m, 71 - 1 = i - 4*m. What is the units digit of i?
0
Suppose -s + 2*u - 5 = 6, s - 5*u + 20 = 0. What is the units digit of (-2)/(-4)*-6 - s?
2
Let h = 63 - 39. What is the units digit of h?
4
Suppose -n - 114 = -3*x + 15, -4*n - 76 = -2*x. What is the units digit of x?
4
Let b(g) = -4*g + 1. Suppose 3 - 10 = l. What is the units digit of b(l)?
9
Let i(o) = -o**3 - 5*o**2 - 3*o - 8. What is the units digit of i(-5)?
7
Suppose -2*m - 4*i + 68 = 0, -5*m + 0*i + 170 = 2*i. What is the units digit of m?
4
Let a(z) be the third derivative of -z**6/120 - z**5/30 + z**4/12 + z**3/3 + z**2. Suppose k + 12 = 3*h, 3*h + 0 - 6 = -k. What is the units digit of a(k)?
5
Let u(i) = -i**2 + 4*i + 12. Let o be u(6). Suppose 4*t = -3*j + 37, -t + 6*t - 75 = 2*j. Suppose o = 3*p - t - 17. What is the units digit of p?
0
Let u(r) = r**3 + 9*r**2 - 11*r - 9. What is the units digit of u(-10)?
1
Let y(m) = m**3 - 5*m**2 - 6. Let w be y(5). Let c(u) be the second derivative of -u**4/12 - 7*u**3/6 - u**2 + u. What is the units digit of c(w)?
4
Let w be 6/(-5) - (-3)/15. Let j be (4 - w) + (-2 - -2). Let h = j - -6. What is the tens digit of h?
1
Let n(t) = t**2 - 12*t + 3. Let v be n(12). Let x be (-108)/(-8)*(-26)/3. What is the units digit of x/v*1/(-3)?
3
Suppose 3 = -i - 5. Let a = -15 - i. Let d = -4 - a. What is the units digit of d?
3
Suppose 4*g = -g + 490. What is the tens digit of g?
9
What is the units digit of 18/(-30) - -1 - 1238/(-5)?
8
Suppose h + 22 = 3*j + j, -21 = -2*h - 5*j. Let z = 26 - 23. Let o = z - h. What is the units digit of o?
5
Suppose -30 = 15*r - 10*r. What is the units digit of 74/3*r/(-4)?
7
Suppose 3*o + 0*o = 9. Suppose 7 = b - 2*a, o*b - 2*a - 43 = -2*b. What is the units digit of b?
9
Let y be ((-6)/(-10))/((-15)/(-75)). Suppose 4*j = -0*i + i - 15, 18 = i - y*j. What is the units digit of i?
7
Let q = 8 - 4. Suppose -q*l + 29 = 5. What is the units digit of l?
6
Let x = 8 - 5. Suppose 2*o + x*o - 65 = 0. Suppose -5*r + o = -2. What is the units digit of r?
3
Suppose 98 = d + p, 5*d = d - 2*p 